ed by t?
8
Let l = -38 - -71. Suppose 3*v + 0*r - l = -2*r, -2*v = 3*r - 27. What is the remainder when 16 is divided by v?
7
Suppose k + 124 = 3*k. What is the remainder when k is divided by 17?
11
Suppose -2*z + 95 = -4*m - 5, 0 = 2*m + 2*z + 62. Let k = 50 + m. Suppose -p - g = -k, 3*p = -2*g + 89 - 25. Calculate the remainder when 35 is divided by p.
17
Let k(g) = -g**3 - g. Let c(w) = -4*w + 5. Calculate the remainder when c(-6) is divided by k(-2).
9
Let y(z) = z**2 - z - 2. Suppose 4 + 0 = -2*h. What is the remainder when 6 is divided by y(h)?
2
Let i(t) = t**2 + 8*t - 3. What is the remainder when i(6) is divided by 23?
12
Calculate the remainder when 3 is divided by -3 + (4 - 3) + 4.
1
Let r = 15 - 7. Calculate the remainder when ((-1)/3)/((-1)/45 - 0) is divided by r.
7
Let i(j) be the third derivative of -j**6/120 - j**5/60 + 23*j**3/3 - 2*j**2. Let f be i(0). Let p = -17 + f. Calculate the remainder when p is divided by 10.
9
Let s = -13 - -5. Let y(f) = -3*f - 11. Suppose -l + 6*l = -z + 34, 2*l + 92 = 4*z. What is the remainder when z is divided by y(s)?
11
Let o(v) be the third derivative of 37*v**5/60 + v**4/24 + 5*v**2. Let g = 12 + 8. Calculate the remainder when o(1) is divided by g.
18
Suppose -37*l + 34*l + 99 = 0. Calculate the remainder when 64 is divided by l.
31
Let l(q) = -5*q - 3. Let d(n) = n**2 + 2. Let x be d(0). Suppose -9 - 15 = -x*a. What is the remainder when l(-5) is divided by a?
10
Suppose 3*f + 6*v - 3*v = 756, 2*f - 5*v - 497 = 0. Suppose w = -w - i + 115, -f = -4*w + 5*i. What is the remainder when w is divided by 20?
19
Suppose -3*p - o + 7 = -10, -5*p + o = -23. What is the remainder when 18 is divided by p?
3
Calculate the remainder when 47 is divided by 2/(2*4/96).
23
Let s(l) = -l**2 - 13*l - 2. Calculate the remainder when s(-8) is divided by 8.
6
Let o = -15 + 31. Let v be o/3 + (-1)/3. Suppose 0*w = -3*l + 4*w + 19, -45 = -v*l + 4*w. Calculate the remainder when l is divided by 5.
3
Let u = 180 - 113. Let b(c) = 3*c**2 - 2*c + 1. Calculate the remainder when u is divided by b(-2).
16
Suppose -4*b = -5*b + 5. Suppose 40 = b*o - 3*o. Calculate the remainder when 39 is divided by o.
19
Suppose c - 2*a + 4 - 12 = 0, -1 = 4*c + 3*a. Suppose -13 + 4 = -3*m. What is the remainder when m is divided by c?
1
Calculate the remainder when 1 + 156/3 + -3 is divided by 17.
16
Suppose -4*v + 78 = u, u - v - 58 = -0*u. What is the remainder when u is divided by 21?
20
Let g = 366 + -154. Let x = -105 + g. Let j = -70 + x. Calculate the remainder when j is divided by 13.
11
Suppose 3*c + c - 216 = 0. Suppose 91 = -5*k - c. Let n = k + 44. Calculate the remainder when 57 is divided by n.
12
Let h(k) = -37*k - 17. Let g(z) = 19*z + 9. Let t(v) = -9*g(v) - 4*h(v). What is the remainder when t(-5) is divided by 15?
12
Suppose -4 + 10 = 2*i. Suppose -4 = 4*s - 0*s, -i*s - 33 = -5*d. Calculate the remainder when (-2*1)/((-2)/17) is divided by d.
5
Suppose 0 = -3*j + 2*w + 29, w + 34 = 3*j - 0*j. Suppose -350*u = -353*u + 111. What is the remainder when u is divided by j?
11
Let p(j) = j**2 + 7*j + 10. What is the remainder when 28 is divided by p(-7)?
8
Let t(z) = -3*z + 4. Let q = 20 + 30. What is the remainder when q is divided by t(-3)?
11
Let r(z) = 2*z**2 - 9*z - 7. What is the remainder when r(7) is divided by 6?
4
Let l be 0 + -1*(-6)/3. Suppose -l*n - 33 = -0*n - 3*m, 4*m = -n + 11. Let r = 16 + n. What is the remainder when r is divided by 3?
1
Let b(z) = 40*z**2 - 40*z. Let x(s) = s. Let m(k) = b(k) + 40*x(k). What is the remainder when m(-1) is divided by 21?
19
Let m(k) = k**3 - 6*k**2 - 2*k + 4. Let o be m(6). Let c be o + 0 - 1*-2. Calculate the remainder when 32 is divided by 2/c + 68/6.
10
Suppose 3*h = 2*b + 194, -2*h - 2*b = -7*h + 330. Calculate the remainder when h is divided by 18.
14
Let a = -3 + 6. Suppose 0 = a*q - 30 - 12. What is the remainder when q is divided by (-1)/((-3)/(-24))*-1?
6
Suppose 5*l - 24 - 86 = 0. What is the remainder when 63 is divided by l?
19
Let m(j) = 4*j**2 - j + 1. Let s be m(1). Let a = 25 + s. What is the remainder when a is divided by 15?
14
Calculate the remainder when (2 - -63)*((-16)/10 + 2) is divided by 15.
11
Suppose -39 = -4*n + a, 3*n - n + 5*a - 25 = 0. What is the remainder when 37 is divided by n?
7
Suppose -2*v = -5*v + 150. Suppose -5*p + 9 = -1, -5*z = -5*p - v. Let b(g) = -g**3 - 3*g**2 - g + 2. Calculate the remainder when b(-4) is divided by z.
10
Let k = 6 + -5. Let x = 2 + k. Suppose -7 = -3*n - y + 10, 4*y + 2 = 2*n. What is the remainder when n is divided by x?
2
Suppose -1 + 5 = -t + 5*b, 3*t + 5*b = 8. What is the remainder when 51 is divided by t/(-5) - (-528)/40?
12
Suppose -4*d - 4 = -3*g, 5*d + 2*g = -0*g - 28. Let v = 17 + d. What is the remainder when 25 is divided by v?
12
Let x(p) = -p**2 - 6*p + 9. Let i be x(-7). Let h = i - 2. Let r = h + 5. What is the remainder when 9 is divided by r?
4
Let v(g) = -5*g + 9. What is the remainder when 64 is divided by v(-5)?
30
Suppose 4*h = 5*x + 27, -4*x + h = 1 + 14. Let q be ((-2)/x)/(2/6). Suppose -4*r + 10 = 3*c, -q*c = 3*r + 2 - 9. Calculate the remainder when c is divided by 1.
0
Suppose 0*u - u - 5*d = -40, 0 = -4*d + 12. Let l(p) = p**3 + 5*p**2 + p + 1. What is the remainder when u is divided by l(-4)?
12
Suppose 8*f - 2*f - 66 = 0. Calculate the remainder when 32 is divided by f.
10
Let b(q) = q**3 - 8*q**2 + q + 9. Suppose -s + 5*s = 0, 4*v = -5*s + 32. Calculate the remainder when 65 is divided by b(v).
14
Let j be (6 + -8)*2/(-2). Suppose -j*g + 150 = 5*l, 2*l - g = -2*l + 133. What is the remainder when l is divided by 12?
8
Let s = -24 - -45. Let v = 2 + s. What is the remainder when v is divided by 6?
5
Suppose 0 = 5*y + g + 142, 4*g - 58 = 2*y + 5*g. Suppose 0 = -h - 2*h + 294. Let o = y + h. What is the remainder when o is divided by 24?
22
Let s(j) = -2*j**2 - 7*j - 5. Let h be s(-4). Calculate the remainder when 19 is divided by 42/4 - h/(-18).
9
Suppose -4*t = 2*k - 96, -4*k + 0*k + 205 = -5*t. Calculate the remainder when k is divided by 13.
11
Let l = 25 - 23. Suppose 6 = a + l*a. What is the remainder when a is divided by 1?
0
Let h = -9 + 14. Let t = 3 + -1. Suppose -h*c = -3*c - t. What is the remainder when c is divided by 1?
0
Let j be 1 + -3*1 + 44. Suppose -j = 2*k - 124. Let q = 35 - 21. Calculate the remainder when k is divided by q.
13
Suppose 0 = -7*o + 3*o + 44. What is the remainder when 31 is divided by o?
9
Let j(s) = s**2 + 2*s - 4. Let y be j(-4). What is the remainder when ((-76)/(-8))/(2/y) is divided by 10?
9
Suppose -5*n = -2*z + 14 + 4, 4*n = z - 12. What is the remainder when z is divided by 2?
0
Suppose 2*q + 22 = 4*q. Let k(y) = -7*y + 2. Calculate the remainder when k(-4) is divided by q.
8
Let i = 13 + -18. Let z = 31 + -16. Calculate the remainder when z is divided by (5/i)/(2/(-12)).
3
Let r(q) = -3*q**3 - q + 83. Calculate the remainder when r(0) is divided by 12.
11
Let i(s) be the third derivative of -s**4/24 + 5*s**3/2 + 6*s**2. Calculate the remainder when i(-7) is divided by 6.
4
Suppose 4*y + 4*u = 52, 3*u + 1 = 2*u. Let m(k) = k**3 - k**2 - 6*k - 1. Let w be m(-4). Let c = 83 + w. What is the remainder when c is divided by y?
12
Let a(n) = -7*n**2 - 17*n + 20. Let h(r) = -2*r**2 - 6*r + 7. Let y(s) = -6*a(s) + 17*h(s). What is the remainder when 20 is divided by y(1)?
6
Let k = 7 - 7. Suppose a - 19 = -k*v - 3*v, 3*v = -3*a + 27. Suppose -5*m + 29 = a*p, 21 = -3*p + 6*p + 4*m. What is the remainder when 20 is divided by p?
9
Let i(h) = h**2 + h + 54. Let j be i(0). Suppose 50 = 3*n + o, 6 = 4*n - 2*o - j. What is the remainder when n is divided by 6?
4
Let y be 12/4 + 4 - 3. Let u(q) = 2*q + 2. What is the remainder when u(y) is divided by 4?
2
Suppose -6*d + d = -20. Suppose 5 - 25 = -d*r. What is the remainder when r is divided by 3?
2
Let i(l) = -l**3 - 5*l**2 - 4*l + 4. Let x(m) = -m**2 - 2*m - 1. Let f be x(-3). Calculate the remainder when 7 is divided by i(f).
3
Let i(y) = y**3 + 6*y**2 - 2*y - 8. Let x be i(-6). Let r = x - 5. What is the remainder when r/3 + 32/6 is divided by 3?
2
Let u = 45 - 37. Calculate the remainder when 21 is divided by u.
5
Let d be (3 - 4) + 1*148. Suppose 2*f = -f + d. Suppose -2*r - 10 = -36. Wha